e factors of 23628?
2, 3, 11, 179
What are the prime factors of 42271?
41, 1031
What are the prime factors of 1399?
1399
What are the prime factors of 864?
2, 3
List the prime factors of 1719.
3, 191
What are the prime factors of 2595?
3, 5, 173
List the prime factors of 2095.
5, 419
List the prime factors of 27098.
2, 17, 797
What are the prime factors of 3759?
3, 7, 179
List the prime factors of 2956.
2, 739
List the prime factors of 502.
2, 251
What are the prime factors of 1964?
2, 491
List the prime factors of 2764.
2, 691
What are the prime factors of 595?
5, 7, 17
What are the prime factors of 849?
3, 283
List the prime factors of 4344.
2, 3, 181
List the prime factors of 66905.
5, 13381
List the prime factors of 10301.
10301
What are the prime factors of 6570?
2, 3, 5, 73
What are the prime factors of 3501?
3, 389
What are the prime factors of 24246?
2, 3, 449
What are the prime factors of 6238?
2, 3119
List the prime factors of 4830.
2, 3, 5, 7, 23
List the prime factors of 10116.
2, 3, 281
What are the prime factors of 61367?
109, 563
List the prime factors of 19002.
2, 3, 3167
What are the prime factors of 43958?
2, 31, 709
List the prime factors of 724.
2, 181
What are the prime factors of 357?
3, 7, 17
What are the prime factors of 3242?
2, 1621
What are the prime factors of 415?
5, 83
What are the prime factors of 10894?
2, 13, 419
List the prime factors of 26208.
2, 3, 7, 13
List the prime factors of 25167.
3, 8389
List the prime factors of 31484.
2, 17, 463
List the prime factors of 546.
2, 3, 7, 13
List the prime factors of 17655.
3, 5, 11, 107
List the prime factors of 1257.
3, 419
What are the prime factors of 15295?
5, 7, 19, 23
List the prime factors of 125.
5
List the prime factors of 40975.
5, 11, 149
What are the prime factors of 17722?
2, 8861
What are the prime factors of 31623?
3, 83, 127
List the prime factors of 4965.
3, 5, 331
What are the prime factors of 867?
3, 17
List the prime factors of 85971.
3, 28657
List the prime factors of 1284.
2, 3, 107
List the prime factors of 5055.
3, 5, 337
What are the prime factors of 110799?
3, 13, 947
List the prime factors of 1797.
3, 599
List the prime factors of 27502.
2, 13751
What are the prime factors of 10937?
10937
What are the prime factors of 15559?
15559
List the prime factors of 1919.
19, 101
List the prime factors of 2562.
2, 3, 7, 61
List the prime factors of 43.
43
What are the prime factors of 17390?
2, 5, 37, 47
List the prime factors of 17563.
7, 13, 193
What are the prime factors of 531?
3, 59
List the prime factors of 14657.
14657
What are the prime factors of 3459?
3, 1153
What are the prime factors of 5066?
2, 17, 149
What are the prime factors of 929?
929
What are the prime factors of 20208?
2, 3, 421
List the prime factors of 75467.
7, 10781
List the prime factors of 900.
2, 3, 5
What are the prime factors of 12087?
3, 17, 79
List the prime factors of 1479.
3, 17, 29
What are the prime factors of 58107?
3, 7, 2767
List the prime factors of 55702.
2, 27851
List the prime factors of 19183.
19183
List the prime factors of 13568.
2, 53
List the prime factors of 15076.
2, 3769
What are the prime factors of 756?
2, 3, 7
List the prime factors of 28552.
2, 43, 83
What are the prime factors of 32870?
2, 5, 19, 173
List the prime factors of 67218.
2, 3, 17, 659
List the prime factors of 106749.
3, 29, 409
What are the prime factors of 40118?
2, 13, 1543
What are the prime factors of 2433?
3, 811
What are the prime factors of 825?
3, 5, 11
What are the prime factors of 47077?
179, 263
What are the prime factors of 96382?
2, 11, 13, 337
What are the prime factors of 8084?
2, 43, 47
List the prime factors of 63162.
2, 3, 11, 29
List the prime factors of 10843.
7, 1549
What are the prime factors of 20108?
2, 11, 457
What are the prime factors of 1071?
3, 7, 17
List the prime factors of 25175.
5, 19, 53
What are the prime factors of 1001?
7, 11, 13
What are the prime factors of 31796?
2, 7949
List the prime factors of 993.
3, 331
List the prime factors of 9964.
2, 47, 53
What are the prime factors of 144740?
2, 5, 7237
What are the prime factors of 3889?
3889
What are the prime factors of 245?
5, 7
List the prime factors of 645.
3, 5, 43
What are the prime factors of 17417?
17417
List the prime factors of 6522.
2, 3, 1087
What are the prime factors of 5839?
5839
What are the prime factors of 5968?
2, 373
What are the prime factors of 75444?
2, 3, 6287
What are the prime factors of 280?
2, 5, 7
What are the prime factors of 1814?
2, 907
What are the prime factors of 874?
2, 19, 23
What are the prime factors of 936?
2, 3, 13
What are the prime factors of 41629?
7, 19, 313
List the prime factors of 7511.
7, 29, 37
What are the prime factors of 15468?
2, 3, 1289
List the prime factors of 2895.
3, 5, 193
What are the prime factors of 3375?
3, 5
List the prime factors of 45791.
29, 1579
What are the prime factors of 36342?
2, 3, 673
List the prime factors of 9796.
2, 31, 79
List the prime factors of 118516.
2, 29629
List the prime factors of 11969.
11969
List the prime factors of 62520.
2, 3, 5, 521
What are the prime factors of 14802?
2, 3, 2467
List the prime factors of 68996.
2, 47, 367
What are the prime factors of 191?
191
List the prime factors of 2634.
2, 3, 439
List the prime factors of 4684.
2, 1171
What are the prime factors of 27078?
2, 3, 4513
List the prime factors of 1010.
2, 5, 101
What are the prime factors of 410?
2, 5, 41
What are the prime factors of 31649?
31649
List the prime factors of 56736.
2, 3, 197
What are the prime factors of 900?
2, 3, 5
What are the prime factors of 13460?
2, 5, 673
What are the prime factors of 42534?
2, 3, 17, 139
What are the prime factors of 6428?
2, 1607
What are the prime factors of 14520?
2, 3, 5, 11
List the prime factors of 1619.
1619
What are the prime factors of 130175?
5, 41, 127
List the prime factors of 442.
2, 13, 17
List the prime factors of 99116.
2, 71, 349
What are the prime factors of 4219?
4219
List the prime factors of 20709.
3, 13, 59
List the prime factors of 153247.
153247
List the prime factors of 47270.
2, 5, 29, 163
What are the prime factors of 3531?
3, 11, 107
List the prime factors of 313.
313
What are the prime factors of 3068?
2, 13, 59
What are the prime factors of 349?
349
List the prime factors of 6423.
3, 2141
What are the prime factors of 14868?
2, 3, 7, 59
List the prime factors of 93.
3, 31
List the prime factors of 3476.
2, 11, 79
What are the prime factors of 1909?
23, 83
List the prime factors of 3675.
3, 5, 7
What are the prime factors of 95373?
3, 10597
List the prime factors of 6797.
7, 971
What are the prime factors of 24044?
2, 6011
List the prime factors of 59281.
59281
List the prime factors of 3323.
3323
List the prime factors of 2833.
2833
What are the prime factors of 1583?
1583
List the prime factors of 1054.
2, 17, 31
List the prime factors of 1744.
2, 109
List the prime factors of 19903.
13, 1531
List the prime factors of 409.
409
What are the prime factors of 23701?
137, 173
What are the prime factors of 3146?
2, 11, 13
List the prime factors of 6938.
2, 3469
List the prime factors of 11374.
2, 11, 47
List the prime factors of 45.
3, 5
What are the prime factors of 1288?
2, 7, 23
List the prime factors of 1102.
2, 19, 29
List the prime factors of 89527.
89527
List the prime factors of 82792.
2, 79, 131
List the prime factors of 21631.
97, 223
What are the prime factors of 8337?
3, 7, 397
List the prime factors of 4019.
4019
List the prime factors of 12492.
2, 3, 347
What are the prime factors of 2215?
5, 443
List the prime factors of 15681.
3, 5227
What are the prime factors of 1703?
13, 131
What are the prime factors of 5669?
5669
What are the prime factors of 5149?
19, 271
What are the prime factors of 12427?
17, 43
What are the prime factors of 7340?
2, 5, 367
What are the prime factors of 2907?
3, 17, 19
What are the prime factors of 8624?
2, 7, 11
What are the prime factors of 185?
5, 37
What are the prime factors of 13620?
2, 3, 5, 227
What are the prime factors of 887?
887
List the prime factors of 1392.
2, 3, 29
What are the prime factors of 17707?
17707
List the prime factors of 2396.
2, 599
What are the prime factors of 18024?
2, 3, 751
List the prime fact